[INFO] cloning repository https://github.com/niranjana687/rusty_tweet
[INFO] running `Command { std: "git" "-c" "credential.helper=" "-c" "credential.helper=/workspace/cargo-home/bin/git-credential-null" "clone" "--bare" "https://github.com/niranjana687/rusty_tweet" "/workspace/cache/git-repos/https%3A%2F%2Fgithub.com%2Fniranjana687%2Frusty_tweet", kill_on_drop: false }`
[INFO] [stderr] Cloning into bare repository '/workspace/cache/git-repos/https%3A%2F%2Fgithub.com%2Fniranjana687%2Frusty_tweet'...
[INFO] running `Command { std: "git" "rev-parse" "HEAD", kill_on_drop: false }`
[INFO] [stdout] d30691ad41c1cec0352dc404cf42fe47c6183a35
[INFO] checking niranjana687/rusty_tweet against master#cfbc6d4cf1acbac5c025acf8ed68929caa551df3 for pr-75494-beta
[INFO] running `Command { std: "git" "clone" "/workspace/cache/git-repos/https%3A%2F%2Fgithub.com%2Fniranjana687%2Frusty_tweet" "/workspace/builds/worker-8/source", kill_on_drop: false }`
[INFO] [stderr] Cloning into '/workspace/builds/worker-8/source'...
[INFO] [stderr] done.
[INFO] validating manifest of git repo https://github.com/niranjana687/rusty_tweet on toolchain cfbc6d4cf1acbac5c025acf8ed68929caa551df3
[INFO] running `Command { std: "/workspace/cargo-home/bin/cargo" "+cfbc6d4cf1acbac5c025acf8ed68929caa551df3" "read-manifest" "--manifest-path" "Cargo.toml", kill_on_drop: false }`
[INFO] started tweaking git repo https://github.com/niranjana687/rusty_tweet
[INFO] finished tweaking git repo https://github.com/niranjana687/rusty_tweet
[INFO] tweaked toml for git repo https://github.com/niranjana687/rusty_tweet written to /workspace/builds/worker-8/source/Cargo.toml
[INFO] crate git repo https://github.com/niranjana687/rusty_tweet already has a lockfile, it will not be regenerated
[INFO] running `Command { std: "/workspace/cargo-home/bin/cargo" "+cfbc6d4cf1acbac5c025acf8ed68929caa551df3" "fetch" "--locked" "--manifest-path" "Cargo.toml", kill_on_drop: false }`
[INFO] [stderr]  Downloading crates ...
[INFO] [stderr]   Downloaded derive_more v0.99.9
[INFO] [stderr]   Downloaded h2 v0.2.5
[INFO] [stderr]   Downloaded hyper v0.13.6
[INFO] [stderr]   Downloaded egg-mode v0.15.0
[INFO] [stderr]   Downloaded cpuid-bool v0.1.0
[INFO] running `Command { std: "docker" "create" "-v" "/var/lib/crater-agent-workspace/builds/worker-8/target:/opt/rustwide/target:rw,Z" "-v" "/var/lib/crater-agent-workspace/builds/worker-8/source:/opt/rustwide/workdir:ro,Z" "-v" "/var/lib/crater-agent-workspace/cargo-home:/opt/rustwide/cargo-home:ro,Z" "-v" "/var/lib/crater-agent-workspace/rustup-home:/opt/rustwide/rustup-home:ro,Z" "-e" "SOURCE_DIR=/opt/rustwide/workdir" "-e" "CARGO_TARGET_DIR=/opt/rustwide/target" "-e" "CARGO_HOME=/opt/rustwide/cargo-home" "-e" "RUSTUP_HOME=/opt/rustwide/rustup-home" "-w" "/opt/rustwide/workdir" "-m" "1610612736" "--user" "0:0" "--network" "none" "rustops/crates-build-env@sha256:a636fd89d022f18117e1dc8fb37a0a009933cdbbe082814857f0e2024962d47c" "/opt/rustwide/cargo-home/bin/cargo" "+cfbc6d4cf1acbac5c025acf8ed68929caa551df3" "metadata" "--no-deps" "--format-version=1", kill_on_drop: false }`
[INFO] [stdout] 7be93d8120652aa4374d45d01d7f6c4ea315bd5f1cdb3cc25cc060be3cb374d9
[INFO] [stderr] WARNING: Your kernel does not support swap limit capabilities or the cgroup is not mounted. Memory limited without swap.
[INFO] running `Command { std: "docker" "start" "-a" "7be93d8120652aa4374d45d01d7f6c4ea315bd5f1cdb3cc25cc060be3cb374d9", kill_on_drop: false }`
[INFO] running `Command { std: "docker" "inspect" "7be93d8120652aa4374d45d01d7f6c4ea315bd5f1cdb3cc25cc060be3cb374d9", kill_on_drop: false }`
[INFO] running `Command { std: "docker" "rm" "-f" "7be93d8120652aa4374d45d01d7f6c4ea315bd5f1cdb3cc25cc060be3cb374d9", kill_on_drop: false }`
[INFO] [stdout] 7be93d8120652aa4374d45d01d7f6c4ea315bd5f1cdb3cc25cc060be3cb374d9
[INFO] running `Command { std: "docker" "create" "-v" "/var/lib/crater-agent-workspace/builds/worker-8/target:/opt/rustwide/target:rw,Z" "-v" "/var/lib/crater-agent-workspace/builds/worker-8/source:/opt/rustwide/workdir:ro,Z" "-v" "/var/lib/crater-agent-workspace/cargo-home:/opt/rustwide/cargo-home:ro,Z" "-v" "/var/lib/crater-agent-workspace/rustup-home:/opt/rustwide/rustup-home:ro,Z" "-e" "SOURCE_DIR=/opt/rustwide/workdir" "-e" "CARGO_TARGET_DIR=/opt/rustwide/target" "-e" "CARGO_INCREMENTAL=0" "-e" "RUST_BACKTRACE=full" "-e" "RUSTFLAGS=--cap-lints=forbid" "-e" "CARGO_HOME=/opt/rustwide/cargo-home" "-e" "RUSTUP_HOME=/opt/rustwide/rustup-home" "-w" "/opt/rustwide/workdir" "-m" "1610612736" "--user" "0:0" "--network" "none" "rustops/crates-build-env@sha256:a636fd89d022f18117e1dc8fb37a0a009933cdbbe082814857f0e2024962d47c" "/opt/rustwide/cargo-home/bin/cargo" "+cfbc6d4cf1acbac5c025acf8ed68929caa551df3" "check" "--frozen" "--all" "--all-targets" "--message-format=json", kill_on_drop: false }`
[INFO] [stdout] c3d3f8b2e1bd6daa3411a46a17c40861e0470f95d6e15430ca64b9386754583d
[INFO] [stderr] WARNING: Your kernel does not support swap limit capabilities or the cgroup is not mounted. Memory limited without swap.
[INFO] running `Command { std: "docker" "start" "-a" "c3d3f8b2e1bd6daa3411a46a17c40861e0470f95d6e15430ca64b9386754583d", kill_on_drop: false }`
[INFO] [stderr]    Compiling unicode-xid v0.2.1
[INFO] [stderr]    Compiling syn v1.0.33
[INFO] [stderr]     Checking cfg-if v0.1.10
[INFO] [stderr]     Checking lazy_static v1.4.0
[INFO] [stderr]    Compiling log v0.4.8
[INFO] [stderr]     Checking futures-core v0.3.5
[INFO] [stderr]     Checking bytes v0.5.5
[INFO] [stderr]     Checking fnv v1.0.7
[INFO] [stderr]     Checking futures-sink v0.3.5
[INFO] [stderr]    Compiling version_check v0.9.2
[INFO] [stderr]     Checking itoa v0.4.6
[INFO] [stderr]     Checking arc-swap v0.4.7
[INFO] [stderr]    Compiling bitflags v1.2.1
[INFO] [stderr]    Compiling serde v1.0.114
[INFO] [stderr]    Compiling ryu v1.0.5
[INFO] [stderr]     Checking openssl-probe v0.1.2
[INFO] [stderr]     Checking try-lock v0.2.3
[INFO] [stderr]     Checking tower-service v0.3.0
[INFO] [stderr]     Checking subtle v2.2.3
[INFO] [stderr]    Compiling serde_json v1.0.56
[INFO] [stderr]     Checking ppv-lite86 v0.2.8
[INFO] [stderr]     Checking cpuid-bool v0.1.0
[INFO] [stderr]    Compiling indexmap v1.4.0
[INFO] [stderr]    Compiling num-traits v0.2.12
[INFO] [stderr]    Compiling num-integer v0.1.43
[INFO] [stderr]    Compiling openssl-sys v0.9.58
[INFO] [stderr]     Checking thread_local v1.0.1
[INFO] [stderr]     Checking futures-channel v0.3.5
[INFO] [stderr]    Compiling proc-macro2 v1.0.18
[INFO] [stderr]     Checking net2 v0.2.34
[INFO] [stderr]     Checking signal-hook-registry v1.2.0
[INFO] [stderr]     Checking time v0.1.43
[INFO] [stderr]     Checking getrandom v0.1.14
[INFO] [stderr]     Checking socket2 v0.3.12
[INFO] [stderr]     Checking csv-core v0.1.10
[INFO] [stderr]     Checking url v2.1.1
[INFO] [stderr]     Checking regex v1.3.9
[INFO] [stderr]    Compiling generic-array v0.14.2
[INFO] [stderr]     Checking http v0.2.1
[INFO] [stderr]     Checking rand_core v0.5.1
[INFO] [stderr]     Checking mio v0.6.22
[INFO] [stderr]     Checking want v0.3.0
[INFO] [stderr]     Checking rand_chacha v0.2.2
[INFO] [stderr]    Compiling quote v1.0.7
[INFO] [stderr]    Compiling openssl v0.10.30
[INFO] [stderr]    Compiling native-tls v0.2.4
[INFO] [stderr]     Checking rand v0.7.3
[INFO] [stderr]     Checking digest v0.9.0
[INFO] [stderr]     Checking crypto-mac v0.8.0
[INFO] [stderr]     Checking block-buffer v0.9.0
[INFO] [stderr]     Checking mio-uds v0.6.8
[INFO] [stderr]     Checking hmac v0.8.1
[INFO] [stderr]     Checking sha-1 v0.9.1
[INFO] [stderr]     Checking http-body v0.3.1
[INFO] [stderr]    Compiling pin-project-internal v0.4.22
[INFO] [stderr]    Compiling futures-macro v0.3.5
[INFO] [stderr]    Compiling tokio-macros v0.2.5
[INFO] [stderr]    Compiling serde_derive v1.0.114
[INFO] [stderr]    Compiling thiserror-impl v1.0.20
[INFO] [stderr]    Compiling derive_more v0.99.9
[INFO] [stderr]     Checking tokio v0.2.21
[INFO] [stderr]     Checking thiserror v1.0.20
[INFO] [stderr]     Checking pin-project v0.4.22
[INFO] [stderr]     Checking futures-util v0.3.5
[INFO] [stderr]     Checking tokio-util v0.3.1
[INFO] [stderr]     Checking tokio-tls v0.3.1
[INFO] [stderr]     Checking h2 v0.2.5
[INFO] [stderr]     Checking futures-executor v0.3.5
[INFO] [stderr]     Checking futures v0.3.5
[INFO] [stderr]     Checking bstr v0.2.13
[INFO] [stderr]     Checking chrono v0.4.13
[INFO] [stderr]     Checking hyper v0.13.6
[INFO] [stderr]     Checking csv v1.1.3
[INFO] [stderr]     Checking hyper-tls v0.4.3
[INFO] [stderr]     Checking egg-mode v0.15.0
[INFO] [stderr]     Checking rusty_tweet v0.1.0 (/opt/rustwide/workdir)
[INFO] [stdout] error[E0425]: cannot find value `text` in this scope
[INFO] [stdout]   --> src/main.rs:90:18
[INFO] [stdout]    |
[INFO] [stdout] 90 |     let slice = &text[entities.range.0..entities.range.1];
[INFO] [stdout]    |                  ^^^^ not found in this scope
[INFO] [stdout] 
[INFO] [stdout] 
[INFO] [stdout] error[E0423]: expected value, found module `entities`
[INFO] [stdout]   --> src/main.rs:90:23
[INFO] [stdout]    |
[INFO] [stdout] 90 |     let slice = &text[entities.range.0..entities.range.1];
[INFO] [stdout]    |                       ^^^^^^^^------
[INFO] [stdout]    |                       |
[INFO] [stdout]    |                       help: use the path separator to refer to an item: `entities::range`
[INFO] [stdout] 
[INFO] [stdout] 
[INFO] [stdout] error[E0423]: expected value, found module `entities`
[INFO] [stdout]   --> src/main.rs:90:41
[INFO] [stdout]    |
[INFO] [stdout] 90 |     let slice = &text[entities.range.0..entities.range.1];
[INFO] [stdout]    |                                         ^^^^^^^^------
[INFO] [stdout]    |                                         |
[INFO] [stdout]    |                                         help: use the path separator to refer to an item: `entities::range`
[INFO] [stdout] 
[INFO] [stdout] 
[INFO] [stdout] warning: unused imports: `StreamExt`, `TryStreamExt`
[INFO] [stdout]  --> src/main.rs:5:15
[INFO] [stdout]   |
[INFO] [stdout] 5 | use futures::{StreamExt, TryStreamExt};
[INFO] [stdout]   |               ^^^^^^^^^  ^^^^^^^^^^^^
[INFO] [stdout]   |
[INFO] [stdout]   = note: `#[warn(unused_imports)]` on by default
[INFO] [stdout] 
[INFO] [stdout] 
[INFO] [stdout] error: aborting due to 3 previous errors; 1 warning emitted
[INFO] [stdout] 
[INFO] [stdout] 
[INFO] [stdout] Some errors have detailed explanations: E0423, E0425.
[INFO] [stdout] 
[INFO] [stdout] For more information about an error, try `rustc --explain E0423`.
[INFO] [stdout] 
[INFO] [stdout] error[E0425]: cannot find value `text` in this scope
[INFO] [stdout]   --> src/main.rs:90:18
[INFO] [stdout]    |
[INFO] [stdout] 90 |     let slice = &text[entities.range.0..entities.range.1];
[INFO] [stdout]    |                  ^^^^ not found in this scope
[INFO] [stdout] 
[INFO] [stdout] 
[INFO] [stdout] error[E0423]: expected value, found module `entities`
[INFO] [stdout]   --> src/main.rs:90:23
[INFO] [stdout]    |
[INFO] [stdout] 90 |     let slice = &text[entities.range.0..entities.range.1];
[INFO] [stdout]    |                       ^^^^^^^^------
[INFO] [stdout]    |                       |
[INFO] [stdout]    |                       help: use the path separator to refer to an item: `entities::range`
[INFO] [stdout] 
[INFO] [stdout] 
[INFO] [stdout] error[E0423]: expected value, found module `entities`
[INFO] [stdout]   --> src/main.rs:90:41
[INFO] [stdout]    |
[INFO] [stdout] 90 |     let slice = &text[entities.range.0..entities.range.1];
[INFO] [stdout]    |                                         ^^^^^^^^------
[INFO] [stdout]    |                                         |
[INFO] [stdout]    |                                         help: use the path separator to refer to an item: `entities::range`
[INFO] [stdout] 
[INFO] [stdout] 
[INFO] [stdout] warning: unused imports: `StreamExt`, `TryStreamExt`
[INFO] [stdout]  --> src/main.rs:5:15
[INFO] [stdout]   |
[INFO] [stdout] 5 | use futures::{StreamExt, TryStreamExt};
[INFO] [stdout]   |               ^^^^^^^^^  ^^^^^^^^^^^^
[INFO] [stdout]   |
[INFO] [stdout]   = note: `#[warn(unused_imports)]` on by default
[INFO] [stdout] 
[INFO] [stdout] 
[INFO] [stderr] error: could not compile `rusty_tweet`.
[INFO] [stderr] 
[INFO] [stderr] To learn more, run the command again with --verbose.
[INFO] [stderr] warning: build failed, waiting for other jobs to finish...
[INFO] [stdout] error: aborting due to 3 previous errors; 1 warning emitted
[INFO] [stdout] 
[INFO] [stdout] 
[INFO] [stdout] Some errors have detailed explanations: E0423, E0425.
[INFO] [stdout] 
[INFO] [stdout] For more information about an error, try `rustc --explain E0423`.
[INFO] [stdout] 
[INFO] [stderr] error: build failed
[INFO] running `Command { std: "docker" "inspect" "c3d3f8b2e1bd6daa3411a46a17c40861e0470f95d6e15430ca64b9386754583d", kill_on_drop: false }`
[INFO] running `Command { std: "docker" "rm" "-f" "c3d3f8b2e1bd6daa3411a46a17c40861e0470f95d6e15430ca64b9386754583d", kill_on_drop: false }`
[INFO] [stdout] c3d3f8b2e1bd6daa3411a46a17c40861e0470f95d6e15430ca64b9386754583d
